e prime factors of 179780467.
179780467
What are the prime factors of 518537972?
2, 2549, 50857
List the prime factors of 38065280.
2, 5, 11, 5407
What are the prime factors of 1759164719?
13, 31, 613, 7121
List the prime factors of 65495361.
3, 21831787
List the prime factors of 1633683065.
5, 7, 46676659
What are the prime factors of 55675631?
11, 107, 47303
List the prime factors of 345849255.
3, 5, 227, 33857
What are the prime factors of 55788712?
2, 7, 19, 52433
What are the prime factors of 54694209?
3, 18231403
List the prime factors of 120168822.
2, 3, 37, 541301
What are the prime factors of 385615820?
2, 5, 31, 67, 9283
What are the prime factors of 63616960?
2, 5, 11, 31, 53
List the prime factors of 15734565.
3, 5, 7, 11, 19, 239
What are the prime factors of 101546756?
2, 71, 357559
List the prime factors of 6639397219.
7, 13, 787, 92707
List the prime factors of 3908889923.
3908889923
What are the prime factors of 950498894?
2, 191, 2488217
What are the prime factors of 12030599?
7, 1303, 1319
What are the prime factors of 4645880532?
2, 3, 19, 6792223
What are the prime factors of 13835460?
2, 3, 5, 293, 787
What are the prime factors of 1291820277?
3, 11, 23, 439, 3877
What are the prime factors of 1278164581?
1278164581
What are the prime factors of 134365086?
2, 3, 71, 105137
List the prime factors of 21046280.
2, 5, 526157
List the prime factors of 3612128502.
2, 3, 1327, 453671
What are the prime factors of 310980294?
2, 3, 47, 113, 3253
What are the prime factors of 139537155?
3, 5, 1723, 5399
List the prime factors of 527683054.
2, 31, 8511017
What are the prime factors of 2818418099?
7, 29, 13883833
What are the prime factors of 226705093?
19, 29, 411443
What are the prime factors of 60131813?
7, 599, 14341
What are the prime factors of 45137600?
2, 5, 28211
List the prime factors of 31359935.
5, 6271987
What are the prime factors of 11067267?
3, 71, 223, 233
List the prime factors of 382413534.
2, 3, 43, 823, 1801
What are the prime factors of 436980838?
2, 7, 127, 245771
What are the prime factors of 31390695?
3, 5, 7, 227, 439
List the prime factors of 414808733.
1907, 217519
List the prime factors of 16976989.
101, 168089
List the prime factors of 1356195819.
3, 11, 41096843
What are the prime factors of 136860582?
2, 3, 22810097
What are the prime factors of 5511832619?
179, 421, 73141
List the prime factors of 265576392.
2, 3, 3688561
List the prime factors of 16405889.
61, 4409
List the prime factors of 356108517.
3, 23, 74797
What are the prime factors of 3918628951?
19, 83, 2484863
What are the prime factors of 2288862654?
2, 3, 13, 131, 17231
What are the prime factors of 961397037?
3, 106821893
List the prime factors of 4341730290.
2, 3, 5, 144724343
What are the prime factors of 21360096?
2, 3, 74167
What are the prime factors of 2750689246?
2, 373, 3687251
List the prime factors of 23871771.
3, 7, 11, 19, 37
List the prime factors of 164558265.
3, 5, 10970551
List the prime factors of 2300466402.
2, 3, 13, 107, 139, 661
What are the prime factors of 63236363?
71, 890653
What are the prime factors of 1545181744?
2, 613, 157543
List the prime factors of 768201860.
2, 5, 3923, 9791
What are the prime factors of 904556272?
2, 56534767
List the prime factors of 4032355713.
3, 263, 5110717
List the prime factors of 363336081.
3, 121112027
List the prime factors of 126371438.
2, 17, 31, 47, 2551
What are the prime factors of 50757440?
2, 5, 158617
What are the prime factors of 144545353?
144545353
List the prime factors of 274185048.
2, 3, 19, 601283
What are the prime factors of 37983996?
2, 3, 811, 1301
What are the prime factors of 31591743?
3, 1237, 8513
List the prime factors of 2309249849.
2309249849
What are the prime factors of 822308904?
2, 3, 17, 19, 1861
What are the prime factors of 59878350?
2, 3, 5, 7, 19009
List the prime factors of 365743719.
3, 11, 179, 20639
List the prime factors of 14309274.
2, 3, 7, 17, 409
What are the prime factors of 102995992?
2, 11, 73, 16033
List the prime factors of 72595468.
2, 11, 29, 56893
What are the prime factors of 102884996?
2, 521, 49369
What are the prime factors of 58784879?
19, 162839
List the prime factors of 29491600.
2, 5, 17, 4337
List the prime factors of 954412237.
19, 89, 564407
What are the prime factors of 224671176?
2, 3, 23, 135671
What are the prime factors of 4382309?
4382309
What are the prime factors of 5168583902?
2, 41, 7669, 8219
What are the prime factors of 2005626?
2, 3, 7, 17, 53
List the prime factors of 4655895884.
2, 9421, 123551
What are the prime factors of 1133115036?
2, 3, 277, 340889
What are the prime factors of 65128949?
907, 71807
List the prime factors of 3907209.
3, 31, 42013
What are the prime factors of 1529880290?
2, 5, 152988029
List the prime factors of 57536843.
7, 13, 632273
List the prime factors of 21501261.
3, 41, 19423
What are the prime factors of 280124043?
3, 93374681
What are the prime factors of 1136615351?
89, 12770959
What are the prime factors of 1645484010?
2, 3, 5, 43, 1275569
List the prime factors of 5842847549.
7, 11, 75881137
List the prime factors of 867466276.
2, 17, 2467, 5171
List the prime factors of 483566503.
7, 29, 47, 50683
List the prime factors of 4601582854.
2, 11, 53, 3946469
What are the prime factors of 1294916762?
2, 6481, 99901
List the prime factors of 126044628.
2, 3, 10503719
What are the prime factors of 1433164353?
3, 3803, 125617
What are the prime factors of 57878141?
83, 697327
What are the prime factors of 75668495?
5, 7, 308851
List the prime factors of 113753948.
2, 7, 11, 369331
List the prime factors of 3476165216.
2, 19, 109, 52453
List the prime factors of 2361929781.
3, 1579, 498613
What are the prime factors of 69305721?
3, 193, 119699
List the prime factors of 102076685.
5, 283, 72139
List the prime factors of 266774461.
13397, 19913
List the prime factors of 65733449.
4177, 15737
What are the prime factors of 20633444?
2, 13, 17, 1373
What are the prime factors of 6518958719?
7, 13, 277, 258617
What are the prime factors of 1957310939?
1957310939
What are the prime factors of 47958716?
2, 13, 922283
What are the prime factors of 4142409160?
2, 5, 397, 260857
What are the prime factors of 2205614591?
167, 13207273
List the prime factors of 195062449.
195062449
What are the prime factors of 993520196?
2, 248380049
What are the prime factors of 51741028?
2, 19, 680803
What are the prime factors of 48704101?
48704101
What are the prime factors of 41185042?
2, 23, 193, 4639
What are the prime factors of 5822985377?
11, 1063, 497989
What are the prime factors of 1688714351?
1688714351
What are the prime factors of 195671897?
195671897
What are the prime factors of 63986587?
7, 103, 88747
What are the prime factors of 57901879?
7, 23, 83, 619
What are the prime factors of 4999137460?
2, 5, 997, 250709
List the prime factors of 2535061676.
2, 7, 373, 242729
What are the prime factors of 290117679?
3, 467, 207079
List the prime factors of 247954384.
2, 17, 911597
What are the prime factors of 2019513946?
2, 17, 37, 61, 26317
What are the prime factors of 38030933?
38030933
What are the prime factors of 516163179?
3, 7, 103, 127, 1879
What are the prime factors of 55355682?
2, 3, 9225947
What are the prime factors of 614985409?
31, 4229, 4691
List the prime factors of 3404928578.
2, 1702464289
List the prime factors of 332034093.
3, 631, 19489
List the prime factors of 3067478151.
3, 1022492717
List the prime factors of 4693714364.
2, 43, 2341, 11657
List the prime factors of 1164247487.
13, 89557499
What are the prime factors of 2254435376?
2, 83, 239, 7103
What are the prime factors of 71310516?
2, 3, 5942543
List the prime factors of 1721645314.
2, 860822657
List the prime factors of 4704102127.
197, 283, 84377
What are the prime factors of 350892525?
3, 5, 4678567
List the prime factors of 252129515.
5, 11, 83, 5021
What are the prime factors of 1582831245?
3, 5, 105522083
What are the prime factors of 57465669?
3, 19155223
List the prime factors of 166729891.
53, 101, 31147
List the prime factors of 87968492.
2, 163, 134921
What are the prime factors of 41865101?
17, 43, 57271
List the prime factors of 745624727.
745624727
List the prime factors of 3221479.
37, 83